at is the units digit of d(-12)?
2
Let x(c) = 2*c**3 + 2*c**2 - c - 2. Let y be x(2). Suppose 4*d + d = y. What is the units digit of ((-8)/14)/(d/(-14))?
2
Let n(f) = f**3 + f**2 - f - 5. Let w be n(0). Let x = w + 7. Suppose s + x*p = 8, -2*p = 3*s - p - 9. What is the units digit of s?
2
Let x = 3 - 3. Suppose x = 2*c - 5*r + 25, 5*c + 32 + 44 = -r. Let d = c + 23. What is the units digit of d?
8
Suppose -5*g + 2 = 7, 2*i = -3*g + 5. Suppose 17 = -0*a + a - 3*p, 5*a - i*p = 63. What is the tens digit of a?
1
Suppose -3*o + 0*s = 4*s - 130, 4*s + 270 = 5*o. Suppose -w + 2*r - 12 = 0, -5*w + 8*r - 3*r - o = 0. Let k = 12 + w. What is the units digit of k?
4
Suppose 2*n = 2*b - 74, 4*b - 194 = -b + 2*n. What is the units digit of b?
0
Let y(i) = i + 5*i - 4*i**2 - 1 + 3*i**2. Suppose 2 = 3*m - 10. What is the units digit of y(m)?
7
Let g(s) = -s**2 + 5*s + 3. Let o(d) = -1. Let k(v) = g(v) + 2*o(v). Let w be k(5). What is the units digit of (-2)/w + (10 - -1)?
9
Let t(l) = 3*l**2 - 4*l - 16. What is the units digit of t(-6)?
6
Let l = 21 + -3. Let d = l - 17. What is the units digit of d?
1
Let r(l) = l**3 - 10*l**2 + 8*l + 9. Let t be r(9). Suppose 2*v = 2*h - 4, t = 2*h + 2*v + v + 6. Suppose -x - 3*x + 24 = h. What is the units digit of x?
6
Suppose -5 + 25 = 4*l. Suppose 0 = f + 3*r + l, 40 = 2*f + 2*f - 3*r. What is the units digit of f?
7
Let w(n) = -12*n - 3. Let o(t) = 25*t + 6. Let d(p) = 4*o(p) + 9*w(p). Let i be d(-2). Suppose 2*m = i - 3. What is the units digit of m?
5
Let l be -8 + 1 + -2 + 3. Let s(c) = -c**3 - 5*c**2 + 5*c. Let v be s(l). Suppose 0*j + v = j. What is the units digit of j?
6
Suppose -5*h - 3 - 6 = -3*x, 3*x - h = -3. Let y = 4 + x. What is the units digit of y?
2
Let r = -109 - -165. What is the tens digit of r?
5
Suppose 3*v - 156 = 6. Suppose -3*k + 59 = -5*y, 0 = -3*k - y - 1 + v. What is the tens digit of k?
1
Let m(w) = w**2 + 5*w + 18. What is the units digit of m(-9)?
4
Let f(h) = h - 9. What is the tens digit of f(23)?
1
Let n = -3 + 6. Suppose -13 = -n*j - 4. Let a = 14 - j. What is the tens digit of a?
1
What is the tens digit of (1001/22)/(1/2)?
9
Let x = 115 + 9. What is the units digit of x?
4
Let y = 23 + -22. What is the tens digit of (22 - y)*(1 + 1)?
4
Suppose -5*r + 0*r + 34 = -4*l, 4*l = 16. Suppose 3*v - 30 - 10 = -5*x, 15 = -x + 4*v. Suppose 4*u = x*u - r. What is the tens digit of u?
1
Suppose -l - 8 = -2*u - 69, -3*u = 4*l + 86. Let m = u + 58. What is the units digit of m?
8
Suppose 6*z - 2*z = 56. What is the units digit of z?
4
Let g(s) = -s + 14. Let j(w) = 4*w - 9. Let m be j(5). What is the units digit of g(m)?
3
Let v = 146 - 60. What is the tens digit of v?
8
Suppose -4*g + 7 = -1. What is the units digit of g?
2
Suppose -28 = 5*j + 2*r + 2, -4*j = 4*r + 36. Let a = 6 + j. Suppose 3*m - 10 = a*m. What is the units digit of m?
0
Let i(a) = -a + 8. Let m(k) be the second derivative of -k**3/3 + 15*k**2/2 - k. Let v(x) = -7*i(x) + 4*m(x). What is the units digit of v(3)?
1
What is the units digit of -1 + (-9 + -3)/(-2)?
5
Let a = -2 + 14. Let y = a - 10. Suppose y*k - 30 = -4*s, 5*k - 2*s = k + 50. What is the tens digit of k?
1
Let t(u) = u**2 + 3*u + 21. What is the tens digit of t(0)?
2
Suppose 5*b - 4 = 3*b. Suppose -62 - b = -4*n. What is the tens digit of n?
1
Let c be 104/(-2) - (5 - 3). Let r = 25 + c. Let x = r + 41. What is the tens digit of x?
1
Suppose 5 = 3*g - 160. What is the tens digit of g?
5
Let z = -97 - -186. What is the tens digit of z?
8
Let t(l) = -2*l**2 - l + 1. Let q be t(-2). Let i be 27/q - 2/(-5). What is the units digit of (-1)/i - (-136)/20?
7
Suppose 3*f + 2*f = 115. What is the tens digit of f?
2
What is the tens digit of -183*(-3)/9 + (-8)/4?
5
What is the units digit of (-3)/2*(-48)/8?
9
Let c(x) = -x**3 + 15*x**2 + 5*x - 5. What is the tens digit of c(15)?
7
Let b(x) = -x**2 + 17*x + 43. What is the units digit of b(19)?
5
Suppose -4*x + 1 = -3, 2*x = 3*a - 58. What is the units digit of a?
0
Let r(n) = n**3 - 2*n**2 + 2*n - 1. Suppose 0 = 3*t + 8 + 7. Let a = -3 - t. What is the units digit of r(a)?
3
Let a(y) = -29*y - 21. Let j(h) = 7*h + 5. Let p(d) = 2*a(d) + 9*j(d). What is the units digit of p(3)?
8
Suppose 3*f = 8*f. Suppose -3*d - 10 + 49 = f. What is the units digit of d?
3
Suppose 4*d = -3*i + 296 - 55, -3*d + 312 = 4*i. What is the units digit of i?
5
Let n(h) = 7*h**3 - 11*h**2 + 2*h - 4. Let x(f) = f**3 - f**2 - 1. Let m(d) = -d + 13. Let l be m(7). Let b(j) = l*x(j) - n(j). What is the tens digit of b(3)?
1
Suppose 0 = 5*d + 15 - 310. What is the tens digit of d?
5
Suppose 5*m + p - 140 = 6*p, 108 = 5*m + 3*p. Let z = m + -12. What is the units digit of 7/3 + 8/z?
3
What is the units digit of 293/5 + 3 + 4/10?
2
Suppose 0 = v + 1 + 9. Suppose -5*j + 0*j - 41 = 4*a, 25 = -j - 5*a. Let f = j - v. What is the units digit of f?
5
Let z be ((-2)/4)/((-2)/(-4)). Let g = 11 - 8. What is the tens digit of (-57)/z*g/9?
1
Suppose 0 = -3*h - 2*n + 86, 3*n + n = -8. Suppose -2*j - 2*l = -h, 4*j - 83 = -3*l - 19. What is the units digit of j?
9
Let c = 33 - 38. Suppose -2 + 3 = -q. What is the units digit of (q + -1 + 1)*c?
5
Let v be ((-24)/(-9))/((-6)/(-45)). Suppose -4*k = 4*z - v, k = -2*z - 0*k + 7. What is the units digit of z?
2
Suppose -k + 281 = 3*x + k, -x - k + 95 = 0. What is the units digit of x?
1
Let o(n) = -267*n**3 + 2*n**2 + n. Let k be o(-1). What is the units digit of k/20 - 3/(-5)?
4
Let h = -184 - -338. What is the units digit of h?
4
Let a = 125 + -12. What is the hundreds digit of a?
1
Let c(k) = -k**3 + 7*k**2 - 2*k + 3. What is the units digit of c(5)?
3
What is the hundreds digit of (-7 + -8)*50/(-6)?
1
Let j(x) = 2*x**3 - 5*x**2 - 4*x + 8. What is the units digit of j(4)?
0
Let x = -121 + 248. What is the hundreds digit of x?
1
Let i be (-28)/126 - 232/9. Let c = i + 53. What is the units digit of c?
7
Suppose -3*i + 2 = -i. Let s be (-62)/(-8) - i/(-4). What is the units digit of 12/15*(s + 2)?
8
Let n(r) = r**2 + 8*r + 2. Let a be n(-6). Let w = a - -10. Suppose w*s = s + 3*o - 26, 2*o = -3*s + 57. What is the units digit of s?
7
Let l be 20*7/(21/12). Let u = l - 52. What is the tens digit of u?
2
Suppose 4*y = 49 + 235. What is the tens digit of y?
7
Let f(m) = -m**2 - 8*m + 3. Let c(p) = p - 3. Let r(h) = -3*h + 3. Let k be r(2). Let v be c(k). What is the tens digit of f(v)?
1
Suppose 4 = z - 3*j + 1, 3*j - 24 = -2*z. Let n be (1*-1)/((-1)/3). Suppose -z - 3 = -n*k. What is the units digit of k?
4
Suppose 0 = 2*a - 0*a + 5*n - 135, -a + 2*n = -54. Suppose -5*g - 4*j + a = 0, 0 = -g - g - 2*j + 22. What is the units digit of g?
6
Let q(c) = 2*c**2 + c - 1. Let l(s) = -s**2 - 6*s - 6. Let d = -4 + 0. Let i be l(d). What is the units digit of q(i)?
9
Let b = 45 + -15. Let w = b - 17. What is the units digit of w?
3
What is the units digit of (117 - -2) + (-4)/((-8)/6)?
2
Let u be 1*132/2*-1. Let m = -46 - u. Suppose -4*x - 5*w + 35 = -m, 4*w = -5*x + 62. What is the tens digit of x?
1
Let k(f) = -f**3 + 9*f**2 + f - 9. Let d be k(9). Suppose d = -5*x - 3*m - 0 - 1, -3*x - 5*m = -9. Let b = x - -6. What is the units digit of b?
4
Let j be (-7 - 0 - 3)/(-2). Suppose -j*w - 28 = -0*g - 3*g, -4*g + w = -26. What is the units digit of g?
6
Let r(u) = -u + 7. Let c be r(-5). Suppose 0 = -3*g + c - 0. Suppose -4*l + 52 = -g. What is the tens digit of l?
1
Suppose 7*t - 3*t - 164 = 0. Suppose 5*h + t = 3*s - 2*s, 2*h + 10 = 0. What is the tens digit of s?
1
Suppose g = 3*g - 10. Suppose -x + 4*x = -g*j + 12, 0 = -x - 1. What is the units digit of j?
3
Let d = -120 + 80. What is the units digit of d/2*8/(-10)?
6
Let n(r) = -r**3 + 2*r**2 + 3*r + 4. Let w be -1*2/(4/(-6)). What is the units digit of n(w)?
4
Suppose 2*n = -0 + 10. What is the units digit of n?
5
Suppose 114 = 4*d + 2*d. What is the tens digit of d?
1
Suppose 0 = y - 3 + 2. Let v(m) = m + 1. Let k be v(y). What is the units digit of k - 2/(1 + -2)?
4
Let o = -21 - -30. What is the units digit of o?
9
Let r(b) = b**2 - b + 2. Let u be r(0). Suppose u*w = -0*w + 6. Suppose -w*t = -4*t + 7. What is the units digit of t?
7
Let p(a) = -4*a**3 - a**2 - a + 2. What is the tens digit of p(-2)?
3
Suppose -4*b = -b - 12. Let f = 6 + b. What is the tens digit of f?
1
